er when 2653 is divided by 51?
1
Calculate the remainder when 92 is divided by 14.
8
What is the remainder when 91 is divided by 46?
45
What is the remainder when 127 is divided by 61?
5
Calculate the remainder when 2035 is divided by 50.
35
What is the remainder when 613 is divided by 77?
74
Calculate the remainder when 24 is divided by 21.
3
What is the remainder when 3701 is divided by 109?
104
What is the remainder when 449 is divided by 61?
22
Calculate the remainder when 2676 is divided by 10.
6
What is the remainder when 1691 is divided by 121?
118
Calculate the remainder when 206 is divided by 37.
21
Calculate the remainder when 2257 is divided by 564.
1
Calculate the remainder when 164 is divided by 93.
71
Calculate the remainder when 533 is divided by 88.
5
What is the remainder when 189 is divided by 12?
9
Calculate the remainder when 392 is divided by 99.
95
Calculate the remainder when 883 is divided by 118.
57
Calculate the remainder when 42 is divided by 9.
6
Calculate the remainder when 2284 is divided by 37.
27
Calculate the remainder when 98 is divided by 19.
3
What is the remainder when 530 is divided by 138?
116
Calculate the remainder when 871 is divided by 109.
108
Calculate the remainder when 592 is divided by 6.
4
What is the remainder when 946 is divided by 109?
74
What is the remainder when 243 is divided by 31?
26
Calculate the remainder when 261 is divided by 22.
19
Calculate the remainder when 1413 is divided by 378.
279
What is the remainder when 625 is divided by 18?
13
What is the remainder when 733 is divided by 200?
133
What is the remainder when 459 is divided by 66?
63
What is the remainder when 4794 is divided by 4783?
11
Calculate the remainder when 92 is divided by 8.
4
What is the remainder when 3792 is divided by 52?
48
What is the remainder when 32 is divided by 18?
14
What is the remainder when 45 is divided by 16?
13
What is the remainder when 103 is divided by 21?
19
Calculate the remainder when 194 is divided by 34.
24
Calculate the remainder when 51507 is divided by 34.
31
Calculate the remainder when 89 is divided by 36.
17
Calculate the remainder when 320 is divided by 97.
29
What is the remainder when 660 is divided by 23?
16
Calculate the remainder when 2657 is divided by 2652.
5
Calculate the remainder when 105 is divided by 48.
9
Calculate the remainder when 176 is divided by 12.
8
What is the remainder when 380 is divided by 67?
45
Calculate the remainder when 174 is divided by 45.
39
What is the remainder when 2006 is divided by 134?
130
Calculate the remainder when 636 is divided by 316.
4
Calculate the remainder when 921 is divided by 3.
0
What is the remainder when 203 is divided by 145?
58
What is the remainder when 986 is divided by 166?
156
What is the remainder when 176 is divided by 10?
6
Calculate the remainder when 233 is divided by 86.
61
What is the remainder when 1348 is divided by 238?
158
What is the remainder when 17 is divided by 10?
7
Calculate the remainder when 8222 is divided by 16.
14
Calculate the remainder when 235 is divided by 84.
67
What is the remainder when 2399 is divided by 86?
77
What is the remainder when 51 is divided by 27?
24
Calculate the remainder when 59 is divided by 14.
3
What is the remainder when 1982 is divided by 221?
214
What is the remainder when 252 is divided by 51?
48
What is the remainder when 320 is divided by 46?
44
Calculate the remainder when 5096 is divided by 68.
64
Calculate the remainder when 109 is divided by 16.
13
What is the remainder when 21 is divided by 14?
7
Calculate the remainder when 1426 is divided by 109.
9
What is the remainder when 72 is divided by 25?
22
What is the remainder when 34123 is divided by 375?
373
Calculate the remainder when 285 is divided by 9.
6
What is the remainder when 497 is divided by 102?
89
Calculate the remainder when 1389 is divided by 140.
129
Calculate the remainder when 1371 is divided by 11.
7
What is the remainder when 27 is divided by 18?
9
Calculate the remainder when 155 is divided by 88.
67
What is the remainder when 2456 is divided by 18?
8
What is the remainder when 239 is divided by 11?
8
What is the remainder when 165 is divided by 13?
9
Calculate the remainder when 503 is divided by 46.
43
Calculate the remainder when 336 is divided by 122.
92
Calculate the remainder when 144 is divided by 12.
0
What is the remainder when 43 is divided by 33?
10
What is the remainder when 1044 is divided by 121?
76
Calculate the remainder when 3597 is divided by 30.
27
Calculate the remainder when 941 is divided by 23.
21
Calculate the remainder when 81 is divided by 25.
6
What is the remainder when 1386 is divided by 231?
0
Calculate the remainder when 283 is divided by 73.
64
What is the remainder when 134 is divided by 17?
15
Calculate the remainder when 98 is divided by 75.
23
What is the remainder when 75 is divided by 51?
24
Calculate the remainder when 276 is divided by 123.
30
Calculate the remainder when 786 is divided by 99.
93
What is the remainder when 339 is divided by 43?
38
Calculate the remainder when 198 is divided by 45.
18
Calculate the remainder when 73 is divided by 28.
17
What is the remainder when 292 is divided by 98?
96
What is the remainder when 1765 is divided by 162?
145
What is the remainder when 44 is divided by 20?
4
What is the remainder when 1027 is divided by 54?
1
Calculate the remainder when 204 is divided by 10.
4
What is the remainder when 7770 is divided by 27?
21
What is the remainder when 44 is divided by 27?
17
Calculate the remainder when 1528 is divided by 61.
3
Calculate the remainder when 280 is divided by 26.
20
Calculate the remainder when 2999 is divided by 38.
35
Calculate the remainder when 378 is divided by 4.
2
Calculate the remainder when 3463 is divided by 17.
12
Calculate the remainder when 1217 is divided by 453.
311
Calculate the remainder when 100 is divided by 6.
4
Calculate the remainder when 2769 is divided by 44.
41
Calculate the remainder when 129 is divided by 45.
39
What is the remainder when 77 is divided by 46?
31
What is the remainder when 1127 is divided by 286?
269
Calculate the remainder when 803 is divided by 211.
170
What is the remainder when 639 is divided by 16?
15
What is the remainder when 27884 is divided by 195?
194
Calculate the remainder when 318 is divided by 23.
19
Calculate the remainder when 345 is divided by 6.
3
What is the remainder when 726 is divided by 233?
27
What is the remainder when 2388 is divided by 9?
3
What is the remainder when 354 is divided by 172?
10
What is the remainder when 370 is divided by 216?
154
What is the remainder when 95 is divided by 34?
27
Calculate the remainder when 88 is divided by 38.
12
Calculate the remainder when 228 is divided by 227.
1
Calculate the remainder when 12 is divided by 11.
1
What is the remainder when 269 is divided by 46?
39
Calculate the remainder when 620 is divided by 57.
50
Calculate the remainder when 3366 is divided by 838.
14
Calculate the remainder when 515 is divided by 116.
51
What is the remainder when 513 is divided by 83?
15
What is the remainder when 120 is divided by 27?
12
Calculate the remainder when 20 is divided by 2.
0
Calculate the remainder when 1113 is divided by 17.
8
What is the remainder when 2262 is divided by 296?
190
What is the remainder when 300 is divided by 101?
98
Calculate the remainder when 167 is divided by 32.
7
Calculate the remainder when 705 is divided by 338.
29
What is the remainder when 1053 is divided by 177?
168
What is the remainder when 278 is divided by 77?
47
Calculate the remainder when 219 is divided by 13.
11
Calculate the remainder when 519 is divided by 58.
55
What is the remainder when 174 is divided by 67?
40
What is the remainder when 80 is divided by 7?
3
Calculate the remainder when 6836 is divided by 12.
8
What is the remainder when 762 is divided by 17?
14
Calculate the remainder when 192 is divided by 78.
36
Calculate the remainder when 387 is divided by 2.
1
What is the remainder when 3000 is divided by 21?
18
What is the remainder when 232 is divided by 63?
43
Calculate the remainder when 12564 is divided by 177.
174
Calculate the remainder when 351 is divided by 59.
56
Calculate the rema